60) a prime number?
False
Suppose -5*n + 1566 + 740 = v, -1382 = -3*n - v. Let u be ((-1)/(-1) + n/7)*23. Suppose -4*l - u + 9667 = -2*a, 0 = -l - 3*a + 2042. Is l a composite number?
True
Suppose 7*x = 5*n + 21, -4*x + 12 = -0*n - 4*n. Let d(k) = k + 13. Let t be d(-10). Suppose t*r - 904 = -h, 2*h + h = x*r + 2724. Is h prime?
True
Suppose -57*r + 114*r - 12 = 54*r. Suppose 2*w - 17 = -w - p, w - 14 = -2*p. Suppose -r*s + 2693 = 3*m - 2300, 0 = 2*s - w*m - 2502. Is s a prime number?
True
Let k(x) = 17*x**2 - 48*x + 14. Let y(d) be the second derivative of d**4/2 - 8*d**3/3 + 5*d**2/2 + d. Let o(t) = 4*k(t) - 11*y(t). Is o(11) prime?
True
Is 12/(-9)*(-14)/(168/1174437) composite?
True
Let g = -3883 - -119370. Is g prime?
False
Suppose -2*h = -4*d + 829154, 159*d - 5*h + 621846 = 162*d. Is d a prime number?
True
Let o(g) = g**3 - 27*g**2 + 50*g - 8. Let i be o(25). Let h(m) = -11*m**2 + 4*m - 4. Let f be h(i). Let j = f - -4893. Is j a composite number?
False
Let j = -125 + 137. Suppose 9*y - j*y = -2031. Is y a composite number?
False
Let c = -412 + 427. Let j(k) = 4*k**3 - 21*k**2 + 21*k + 13. Is j(c) a composite number?
False
Suppose 79011 = -3*n - 3*o, 4*n = -o + 2*o - 105358. Let w = n - -38226. Is w composite?
False
Let v(o) = 50 - 47 + 78 - 5*o + 69*o. Is v(20) composite?
False
Suppose 0 = 133*w - 136*w - 3708. Let p = 1267 - w. Is p prime?
True
Suppose -10*l + 26*l - 33056 = 0. Let n = -919 + l. Is n prime?
False
Let s(n) = 36*n**3 + n**2 + 13*n - 35. Let i(q) = q**2 - 17*q - 13. Let v be i(18). Is s(v) prime?
False
Let s = 3152 + 4969. Suppose 10343 = 16*q - s. Is q a composite number?
True
Is 6 + 24/(-6) - -10347 composite?
True
Let q(t) = 64*t + 59. Let j be q(9). Suppose -14*y - j = -19*y. Is y a prime number?
True
Suppose 373*z + 40780948 = 425*z. Is z composite?
False
Let z(m) = -m**3 + 7*m**2 - 6*m + 3. Suppose 12 = -0*v + 4*v, 0 = 5*s + 3*v - 39. Let q be z(s). Suppose -2*o = -w - 11 - 1074, 0 = o - q*w - 530. Is o prime?
False
Let q be (3/2)/(5/1100*3). Suppose -8*r + q = -7*r. Suppose 1638 = 8*d + r. Is d composite?
False
Suppose 0 = 750*r - 810*r + 111912180. Is r a composite number?
False
Let o(g) = -263*g + 69. Let r be o(15). Is (r/342)/(3/(63/(-2))) a composite number?
True
Let g = 28 + -26. Suppose 0*q + 5*r + g = -2*q, 0 = -q - 2*r. Suppose -q*y + 4758 = -v, 2370 = 2*y + 6*v - 2*v. Is y a prime number?
False
Let v(y) = 28*y**3 + 2*y**2 + 3*y + 7. Let q be v(7). Let r = q + -317. Is r a composite number?
False
Suppose w - c = 7616, 6*w = 2*w - 2*c + 30470. Suppose 0 = -t + 2*t - w. Is t a composite number?
True
Suppose -51*i + 2291745 = -36*i. Is i prime?
True
Let i(x) = x - 415. Suppose -3*f - 2 = -11. Let v(d) = 208. Let b(h) = f*i(h) + 7*v(h). Is b(0) composite?
False
Let r = -183 + 128. Let j = -58 - r. Is (-18)/(-27) - 475/j composite?
True
Let b(c) = 8*c**2 + 3*c - 245. Suppose 3*o + 5*u + 76 = -o, 0 = 4*o - 4*u + 112. Is b(o) a composite number?
True
Let k(g) = 198*g + 39. Let m(s) = -s - 3. Suppose 8*j + 44 = 4*j. Let x be m(j). Is k(x) a composite number?
True
Let w = 52804 - 24599. Is w a prime number?
False
Let n be ((-9131)/46)/((-3)/162). Is ((-14)/63)/((-6)/n) prime?
True
Let y(w) = w**3 + 7*w**2 + 10*w + 27. Let o be y(-6). Suppose 3 + 2 = 2*f + x, -o*x - 3 = 0. Suppose 3*u + 5*b - 7167 = 0, u + 0*u = f*b + 2389. Is u prime?
True
Suppose 24 = 7*g - 172. Is 3/(1 + 20) - (-88336)/g prime?
False
Suppose -5736*h + 5725*h = -2338127. Is h a prime number?
True
Let y(c) = 265*c**3 + 5*c**2 - 12*c - 41. Is y(5) a composite number?
False
Let q = -13 - -19. Let u be (-24)/(-6) + 573 + 1. Suppose u = q*x - 292. Is x composite?
True
Let x(n) = 69*n**2 + 6*n + 1. Let c be x(-1). Let g = 4 + 3. Suppose -5*s = -4*w + c, -g*s + 2*s = -w + 31. Is w composite?
False
Let g = -332 + 342. Suppose -11*u - g*u = -839601. Is u a prime number?
False
Suppose 1509032 = 86*k + 75*k - 153*k. Is k a composite number?
True
Let u(c) be the first derivative of 57*c**3 - 5*c + 3/2*c**2 + 16. Is u(-7) a composite number?
False
Suppose -5*p + 4 = 14. Let i be (0 + p)*(6 + -10). Suppose 4*a + i*a - 22812 = 0. Is a a composite number?
False
Suppose -46*r + 111 = -119. Suppose -5*k = -r*i + i - 18205, -10923 = -3*k + 5*i. Is k a composite number?
True
Suppose 8 = -4*l, -2*w - 40 = -4*w + l. Let p(o) = -9*o**2 - 4*o - 18. Let s(q) = -16*q**2 - 10*q - 30. Let i(x) = 7*p(x) - 4*s(x). Is i(w) composite?
True
Let x(t) be the third derivative of 6*t**2 + 0*t + 0 - 5/2*t**3 + 127/24*t**4. Is x(10) a prime number?
False
Suppose x - 2*p - 792461 = 0, -22*p = -5*x - 15*p + 3962323. Is x a prime number?
False
Let x be 10 - (14 - (6 + 1)). Suppose x*a - 1821 = 2*a + 4*t, 0 = 4*a + 5*t - 7389. Is a a composite number?
True
Suppose 10 - 106 = -6*i. Let d be (9/42 + (-2)/(-7))*0. Suppose d = u + i - 465. Is u composite?
False
Let q = 3218 + -600. Suppose 0 = -5*n, -7963 = -3*x + 2*n + q. Is x prime?
True
Suppose -5 = 8*t - 3*t, 4*y - 4*t + 60 = 0. Let k(u) = -442*u - 135. Is k(y) a prime number?
False
Let k(x) = 453*x**2 - 85*x - 293. Is k(-27) a composite number?
True
Suppose -2*z = -2*i - 94836, 29*z + 2*i + 237105 = 34*z. Is z a composite number?
True
Suppose -y + 4*s = -61657, 159*s - 155*s = 5*y - 308205. Is y composite?
False
Suppose -4*g - 5*w + 4345227 = 1134366, 4*g - w = 3210831. Is g prime?
True
Let g(f) = f**3 + 8*f**2 + 8*f + 9. Let m be g(-7). Let t be 0*(-2 + 8)/(-18) - 4. Is (-1)/m - 766/t prime?
True
Let m(j) = 2*j**2 + 43*j + 17. Let f be m(-21). Is (-8254)/f*(8 - 6) composite?
False
Let j(s) = 2*s**3 + s**2 + 3*s + 9. Let o be j(0). Suppose 18*t - 5274 = o*t. Is t a prime number?
False
Is -13 + 28 + -11 + 113887 a composite number?
False
Let x(z) = 56*z - 109. Let d be x(25). Let u = 4080 - d. Is u a composite number?
False
Suppose -2*a - 2*i + 31 = -99, 3*a + i - 199 = 0. Let j = a - 71. Is -2*((-4 - 18/j) + -1305) a prime number?
True
Let h = 87963 + -35540. Suppose 8*j + n = 3*j + 87410, 0 = -3*j + 4*n + h. Is j composite?
True
Let v = 106 + -132. Is (-3)/1 + 1791 + v/(-2) prime?
True
Is (13/(-39))/((-3472880)/(-1157628) - 3) composite?
False
Let f be ((-178)/(-1))/(1/3). Is 1 + (-3 - (5 - f)) composite?
True
Suppose -5*l = 5, -2*t + 0*t = 2*l - 112. Suppose 14262 = 5*f + t. Suppose -f - 158 = -h. Is h a composite number?
False
Let k be (-1)/(-5 + 27/6). Let s = 3 + k. Suppose 0 = 3*a + s*h - 3*h - 6951, 6951 = 3*a + 4*h. Is a prime?
False
Let q(g) = -26*g**3 + 2*g**2 - 9*g + 3. Let r be q(-4). Let f = r + -978. Is f composite?
False
Let v be 705/(-4)*(-41704)/39. Suppose -4*x - 188475 = -9*x - 4*g, -3*g + v = 5*x. Is x a prime number?
True
Suppose 19*s + 4 - 251 = 0. Is 33087 - ((-56)/8 + s) a composite number?
True
Let o be (-2)/(-1) + (-5 - (-208)/1). Suppose -4*a - 3*n = -1282, -a - 5*n = -124 - o. Is a a composite number?
True
Let s = -23756 + 104875. Is s composite?
False
Let f(z) = z**2 + z - 2. Let h(m) = -21*m**3 + m**2 - 11*m - 7. Let d(w) = -f(w) - h(w). Is d(4) a composite number?
False
Let j = 44978 + -16905. Is j prime?
False
Let j = -11 - -14. Let z(i) = i**2 - 5. Let h be z(j). Suppose n - 2865 = -h*n. Is n prime?
False
Let g = 87 + -87. Suppose 4*k + 3*m - 5227 = 2*k, -k - 5*m + 2624 = g. Is k a prime number?
True
Let w = 10412 + -15680. Let r = 2995 - w. Is r a prime number?
True
Suppose -5*x + 280 = -5*i, -2*x - 39 = -37. Let y = i + 268. Is y composite?
False
Is (1 - 76464)/(72 + -73) a prime number?
True
Suppose 2290572 = 3*j - 2*l - 830559, l - 6 = 0. Is j a composite number?
False
Let f(l) = 18*l**2 + 4*l + 3. Let w = 67 - 52. Let h be 1 - (w - 0)/(-5). Is f(h) prime?
True
Let r(k) = 33783*k**2 + 683*k - 3389. Is r(5) prime?
True
Let p(a) = -a**3 + 2*a + 16909. Let j be p(0). Let v = -9240 + j. Is v prime?
True
Suppose -3*g - 11986 = 5*j, 4*g - 6*j = -11*j - 15988. Is ((-669)/(-18))/((-29)/g) prime?
False
Suppose 4*p = -3*v + 412 - 15004, 15 = 5*p. Let w = 7305 + v. Is w prime?
True
Let g(l) = l**3 + 5*l**2 - 17*l - 62. Let r be g(-6). Is (-333528)/208*r/(-3) prime?
False
Suppose -2*n + 4*a = -204810, 125*a - 102381 = -n + 121*a. Is n a composite number?
False
Let k = 154 + -140. Let z(l) = 2*l**3 + 8*l**2 - 15*l + 20. Is z(k) a prime number?
False
Suppose -534*r + 523*r = -1656391. Is r a composite number?
T